{"id":3092,"date":"2019-12-16T12:51:49","date_gmt":"2019-12-16T12:51:49","guid":{"rendered":"https:\/\/rejs.al\/?post_type=product&#038;p=3092"},"modified":"2021-07-05T12:54:41","modified_gmt":"2021-07-05T12:54:41","slug":"jastek-memory","status":"publish","type":"product","link":"https:\/\/aegean.al\/index.php\/product\/jastek-memory\/","title":{"rendered":"Memory Jast\u00ebk"},"content":{"rendered":"<p><span style=\"font-weight: 400\">Mbushja: Memory Foam<\/span><br \/>\n<span style=\"font-weight: 400\">Copa: 100% Pambuk Perkal<\/span><br \/>\n<span style=\"font-weight: 400\">Antialergjike<\/span><br \/>\n<span style=\"font-weight: 400\">Antibakteriale<\/span><\/p>\n<p><strong>Nuk lahet n\u00eb lavatri\u00e7e<\/strong><br \/>\n<strong>Nuk thahet n\u00eb thar\u00ebse<\/strong><\/p>\n","protected":false},"excerpt":{"rendered":"<p>Sjellim te ju jast\u00ebk\u00ebt m\u00eb t\u00eb mir\u00eb p\u00ebr nj\u00eb gjum\u00eb t\u00eb qet\u00eb\u00a0e t\u00eb rehatsh\u00ebm, p\u00ebr t&#8217;ju p\u00ebrshtatur \u00e7do stili e m\u00ebnyre fjetjeje!<\/p>\n<p>Jast\u00ebku Memory p\u00ebrshtatet me \u00e7do pozicion t\u00eb qaf\u00ebs dhe shtyll\u00ebs kurrizore.<\/p>\n","protected":false},"featured_media":3114,"template":"","meta":[],"product_brand":[],"product_cat":[84,20],"product_tag":[464,393,463],"class_list":{"0":"post-3092","1":"product","2":"type-product","3":"status-publish","4":"has-post-thumbnail","6":"product_cat-dhome-gjumi","7":"product_cat-dhome-gjumi-jasteke","8":"product_tag-100-pambuk-perkal","9":"product_tag-jasteke","10":"product_tag-memory-foam","11":"description-off","13":"first","14":"instock","15":"shipping-taxable","16":"purchasable","17":"product-type-variable"},"_links":{"self":[{"href":"https:\/\/aegean.al\/index.php\/wp-json\/wp\/v2\/product\/3092","targetHints":{"allow":["GET"]}}],"collection":[{"href":"https:\/\/aegean.al\/index.php\/wp-json\/wp\/v2\/product"}],"about":[{"href":"https:\/\/aegean.al\/index.php\/wp-json\/wp\/v2\/types\/product"}],"wp:featuredmedia":[{"embeddable":true,"href":"https:\/\/aegean.al\/index.php\/wp-json\/wp\/v2\/media\/3114"}],"wp:attachment":[{"href":"https:\/\/aegean.al\/index.php\/wp-json\/wp\/v2\/media?parent=3092"}],"wp:term":[{"taxonomy":"product_brand","embeddable":true,"href":"https:\/\/aegean.al\/index.php\/wp-json\/wp\/v2\/product_brand?post=3092"},{"taxonomy":"product_cat","embeddable":true,"href":"https:\/\/aegean.al\/index.php\/wp-json\/wp\/v2\/product_cat?post=3092"},{"taxonomy":"product_tag","embeddable":true,"href":"https:\/\/aegean.al\/index.php\/wp-json\/wp\/v2\/product_tag?post=3092"}],"curies":[{"name":"wp","href":"https:\/\/api.w.org\/{rel}","templated":true}]}}