{"id":3945,"date":"2020-01-17T08:22:46","date_gmt":"2020-01-17T08:22:46","guid":{"rendered":"https:\/\/rejs.al\/?post_type=product&#038;p=3945"},"modified":"2021-06-25T09:37:13","modified_gmt":"2021-06-25T09:37:13","slug":"3d-set-carcafi-bebe-18","status":"publish","type":"product","link":"https:\/\/aegean.al\/index.php\/product\/3d-set-carcafi-bebe-18\/","title":{"rendered":"3D Set \u00c7ar\u00e7afi Bebe"},"content":{"rendered":"<p>100% Pambuk<br \/>\nAntialergjik<br \/>\nAntibakterial<\/p>\n<p><strong>Zarf<\/strong><br \/>\nZarfi:\u00a0120&#215;150<br \/>\nFleta e poshtme:\u00a0100&#215;150<br \/>\nK\u00ebll\u00ebf\u00eb Jast\u00ebku: 35&#215;55 (2)<\/p>\n<p><strong>\u00c7ar\u00e7af<br \/>\n<\/strong>Fleta e siperme: 100&#215;150<br \/>\nFleta e poshtme: 100&#215;150<br \/>\nK\u00ebll\u00ebf\u00eb Jast\u00ebku: 35&#215;55 (2)<\/p>\n","protected":false},"excerpt":{"rendered":"<p><span style=\"font-weight: 400\">Nj\u00eb linj\u00eb fantastike me nj\u00eb shum\u00ebllojshm\u00ebri modelesh! E but\u00eb dhe e fresk\u00ebt pas \u00e7do larjeje!<\/span><\/p>\n","protected":false},"featured_media":4854,"template":"","meta":[],"product_brand":[],"product_cat":[68,71],"product_tag":[301,302,311,298,300,303,312],"class_list":{"0":"post-3945","1":"product","2":"type-product","3":"status-publish","4":"has-post-thumbnail","6":"product_cat-bota-e-femijeve","7":"product_cat-bota-femijeve-komplet-carcafi","8":"product_tag-100-pambuk","9":"product_tag-carcafe","10":"product_tag-carcaf-per-femije","11":"product_tag-komplet-carcafi","12":"product_tag-komplet-zarfi","13":"product_tag-zarf","14":"product_tag-zarf-per-femije","15":"description-off","17":"first","18":"instock","19":"shipping-taxable","20":"product-type-variable"},"_links":{"self":[{"href":"https:\/\/aegean.al\/index.php\/wp-json\/wp\/v2\/product\/3945","targetHints":{"allow":["GET"]}}],"collection":[{"href":"https:\/\/aegean.al\/index.php\/wp-json\/wp\/v2\/product"}],"about":[{"href":"https:\/\/aegean.al\/index.php\/wp-json\/wp\/v2\/types\/product"}],"wp:featuredmedia":[{"embeddable":true,"href":"https:\/\/aegean.al\/index.php\/wp-json\/wp\/v2\/media\/4854"}],"wp:attachment":[{"href":"https:\/\/aegean.al\/index.php\/wp-json\/wp\/v2\/media?parent=3945"}],"wp:term":[{"taxonomy":"product_brand","embeddable":true,"href":"https:\/\/aegean.al\/index.php\/wp-json\/wp\/v2\/product_brand?post=3945"},{"taxonomy":"product_cat","embeddable":true,"href":"https:\/\/aegean.al\/index.php\/wp-json\/wp\/v2\/product_cat?post=3945"},{"taxonomy":"product_tag","embeddable":true,"href":"https:\/\/aegean.al\/index.php\/wp-json\/wp\/v2\/product_tag?post=3945"}],"curies":[{"name":"wp","href":"https:\/\/api.w.org\/{rel}","templated":true}]}}