{"id":4882,"date":"2021-06-25T10:29:44","date_gmt":"2021-06-25T10:29:44","guid":{"rendered":"https:\/\/rejs.al\/?post_type=product&#038;p=4882"},"modified":"2021-06-25T11:08:46","modified_gmt":"2021-06-25T11:08:46","slug":"spring-summer-03","status":"publish","type":"product","link":"https:\/\/aegean.al\/index.php\/product\/spring-summer-03\/","title":{"rendered":"NEW COLLECTION Set \u00c7ar\u00e7afi Spring &#8211; Summer"},"content":{"rendered":"<p><span style=\"font-weight: 400\">100% Pambuk<\/span><br \/>\n<span style=\"font-weight: 400\">Antialergjik<\/span><br \/>\n<span style=\"font-weight: 400\">Antibakterial\u00a0<\/span><\/p>\n<p><strong><span style=\"color: gray\">\u00c7ar\u00e7af<br \/>\n<\/span><\/strong><span style=\"color: gray\">Fleta e sip\u00ebrme &amp;\u00a0<\/span><span style=\"color: gray\">e poshtme:\u00a0240\u00d7260<br \/>\nK\u00ebll\u00ebf\u00eb Jast\u00ebku: 52&#215;75 (2)<\/span><\/p>\n","protected":false},"excerpt":{"rendered":"<p>NEW COLLECTION<\/p>\n<p>Vet\u00ebm p\u00ebr ju, linja Spring &#8211; Summer! Nj\u00eb linj\u00eb elegante, plot jet\u00eb dhe ngjyra!<\/p>\n","protected":false},"featured_media":4884,"template":"","meta":[],"product_brand":[],"product_cat":[19,84],"product_tag":[301,302,442,298],"class_list":{"0":"post-4882","1":"product","2":"type-product","3":"status-publish","4":"has-post-thumbnail","6":"product_cat-dhome-gjumi-carcafe","7":"product_cat-dhome-gjumi","8":"product_tag-100-pambuk","9":"product_tag-carcafe","10":"product_tag-carcafe-dopjo","11":"product_tag-komplet-carcafi","12":"description-off","14":"first","15":"instock","16":"shipping-taxable","17":"purchasable","18":"product-type-variable"},"_links":{"self":[{"href":"https:\/\/aegean.al\/index.php\/wp-json\/wp\/v2\/product\/4882","targetHints":{"allow":["GET"]}}],"collection":[{"href":"https:\/\/aegean.al\/index.php\/wp-json\/wp\/v2\/product"}],"about":[{"href":"https:\/\/aegean.al\/index.php\/wp-json\/wp\/v2\/types\/product"}],"wp:featuredmedia":[{"embeddable":true,"href":"https:\/\/aegean.al\/index.php\/wp-json\/wp\/v2\/media\/4884"}],"wp:attachment":[{"href":"https:\/\/aegean.al\/index.php\/wp-json\/wp\/v2\/media?parent=4882"}],"wp:term":[{"taxonomy":"product_brand","embeddable":true,"href":"https:\/\/aegean.al\/index.php\/wp-json\/wp\/v2\/product_brand?post=4882"},{"taxonomy":"product_cat","embeddable":true,"href":"https:\/\/aegean.al\/index.php\/wp-json\/wp\/v2\/product_cat?post=4882"},{"taxonomy":"product_tag","embeddable":true,"href":"https:\/\/aegean.al\/index.php\/wp-json\/wp\/v2\/product_tag?post=4882"}],"curies":[{"name":"wp","href":"https:\/\/api.w.org\/{rel}","templated":true}]}}