{"id":4984,"date":"2021-06-25T13:08:33","date_gmt":"2021-06-25T13:08:33","guid":{"rendered":"https:\/\/rejs.al\/?post_type=product&#038;p=4984"},"modified":"2021-06-25T13:11:08","modified_gmt":"2021-06-25T13:11:08","slug":"garden-08","status":"publish","type":"product","link":"https:\/\/aegean.al\/index.php\/product\/garden-08\/","title":{"rendered":"NEW COLLECTION Set \u00c7ar\u00e7af Garden"},"content":{"rendered":"<p>100% Pambuk Saten<br \/>\n<span style=\"font-weight: 400\">Antialergjik<\/span><br \/>\n<span style=\"font-weight: 400\">Antibakterial\u00a0<\/span><\/p>\n<p><strong><span style=\"color: gray\">\u00c7ar\u00e7af<br \/>\n<\/span><\/strong><span style=\"color: gray\">Fleta e siperme: 170&#215;260<\/span><span style=\"color: gray\"><span style=\"color: #808080\">\u00a0<\/span><br \/>\nFleta e poshtme: 170&#215;260<span style=\"color: #808080\">\u00a0<\/span><br \/>\nK\u00ebll\u00ebf\u00eb Jast\u00ebku: 52&#215;70 +\u00a05cm Oxford (1)\u00a0<\/span><\/p>\n<p><strong><span style=\"color: gray\">Zarf<\/span><\/strong><br \/>\n<span style=\"color: gray\">Zarfi: 170&#215;250<\/span><span style=\"color: #808080\">\u00a0<\/span><span style=\"color: gray\">\u00a0<\/span><br \/>\n<span style=\"color: gray\">Fleta e poshtme: 170&#215;260\u00a0<\/span><br \/>\n<span style=\"color: gray\">K\u00ebll\u00ebf\u00eb Jast\u00ebku: 52&#215;70 +\u00a05cm Oxford (1)\u00a0<\/span><\/p>\n","protected":false},"excerpt":{"rendered":"<p>&#8220;Garden&#8221;, nj\u00eb koleksion i mrekulluesh\u00ebm q\u00eb ashtu si dhe vet\u00eb emri do ta kthej\u00eb dhomen tuaj n\u00eb nj\u00eb kopsht pranvere!<\/p>\n","protected":false},"featured_media":4989,"template":"","meta":[],"product_brand":[],"product_cat":[68,71],"product_tag":[447,302,311,306,298,300,303,312,307],"class_list":{"0":"post-4984","1":"product","2":"type-product","3":"status-publish","4":"has-post-thumbnail","6":"product_cat-bota-e-femijeve","7":"product_cat-bota-femijeve-komplet-carcafi","8":"product_tag-100-pambuk-saten","9":"product_tag-carcafe","10":"product_tag-carcaf-per-femije","11":"product_tag-carcafe-tek","12":"product_tag-komplet-carcafi","13":"product_tag-komplet-zarfi","14":"product_tag-zarf","15":"product_tag-zarf-per-femije","16":"product_tag-zarf-tek","17":"description-off","19":"first","20":"instock","21":"shipping-taxable","22":"purchasable","23":"product-type-variable"},"_links":{"self":[{"href":"https:\/\/aegean.al\/index.php\/wp-json\/wp\/v2\/product\/4984","targetHints":{"allow":["GET"]}}],"collection":[{"href":"https:\/\/aegean.al\/index.php\/wp-json\/wp\/v2\/product"}],"about":[{"href":"https:\/\/aegean.al\/index.php\/wp-json\/wp\/v2\/types\/product"}],"wp:featuredmedia":[{"embeddable":true,"href":"https:\/\/aegean.al\/index.php\/wp-json\/wp\/v2\/media\/4989"}],"wp:attachment":[{"href":"https:\/\/aegean.al\/index.php\/wp-json\/wp\/v2\/media?parent=4984"}],"wp:term":[{"taxonomy":"product_brand","embeddable":true,"href":"https:\/\/aegean.al\/index.php\/wp-json\/wp\/v2\/product_brand?post=4984"},{"taxonomy":"product_cat","embeddable":true,"href":"https:\/\/aegean.al\/index.php\/wp-json\/wp\/v2\/product_cat?post=4984"},{"taxonomy":"product_tag","embeddable":true,"href":"https:\/\/aegean.al\/index.php\/wp-json\/wp\/v2\/product_tag?post=4984"}],"curies":[{"name":"wp","href":"https:\/\/api.w.org\/{rel}","templated":true}]}}