{"id":875,"date":"2018-07-30T07:26:45","date_gmt":"2018-07-30T07:26:45","guid":{"rendered":"https:\/\/rejs.al\/?post_type=product&#038;p=875"},"modified":"2021-01-15T12:48:11","modified_gmt":"2021-01-15T12:48:11","slug":"bear-1803","status":"publish","type":"product","link":"https:\/\/aegean.al\/index.php\/product\/bear-1803\/","title":{"rendered":"1803"},"content":{"rendered":"<p><span style=\"font-weight: 400\">Kjo linje e carcafeve fanellate\u00a0 eshte 100% Pambuk,\u00a0anti-alergjike dhe anti-bakteriale duke ofruar nje ambjent gjumi te shendetshem dhe te sigurte.<\/span><\/p>\n<p><strong><span style=\"color: gray\">Kompleti i\u00a0zarfit teke p\u00ebrmban:<\/span><\/strong><\/p>\n<p><span style=\"color: gray\">Zarfi: 170&#215;250 cm<\/span><br \/>\n<span style=\"color: gray\">Fleta e poshtme:\u00a0170&#215;260 cm<\/span><br \/>\n<span style=\"color: gray\">1 K\u00ebll\u00ebf\u00eb Jast\u00ebku: 55&#215;80 cm<\/span><\/p>\n<p><strong><span style=\"color: gray\">Kompleti carcafe teke p\u00ebrmban:<\/span><\/strong><\/p>\n<p style=\"margin: 0in;margin-bottom: .0001pt\"><span style=\"color: gray\">Fleta e siperme:\u00a0170&#215;260 cm<\/span><\/p>\n<p><span style=\"color: gray\">Fleta e poshtme:\u00a0170&#215;260 cm<\/span><br \/>\n<span style=\"color: gray\">1 K\u00ebll\u00ebf\u00eb Jast\u00ebku: 55&#215;80 cm<\/span><\/p>\n","protected":false},"excerpt":{"rendered":"<p>Komplet Carcafi dhe Komplet Zarfi Fanellate<\/p>\n","protected":false},"featured_media":877,"template":"","meta":[],"product_brand":[],"product_cat":[71],"product_tag":[],"class_list":{"0":"post-875","1":"product","2":"type-product","3":"status-publish","4":"has-post-thumbnail","6":"product_cat-bota-femijeve-komplet-carcafi","7":"description-off","9":"first","10":"outofstock","11":"shipping-taxable","12":"product-type-variable"},"_links":{"self":[{"href":"https:\/\/aegean.al\/index.php\/wp-json\/wp\/v2\/product\/875","targetHints":{"allow":["GET"]}}],"collection":[{"href":"https:\/\/aegean.al\/index.php\/wp-json\/wp\/v2\/product"}],"about":[{"href":"https:\/\/aegean.al\/index.php\/wp-json\/wp\/v2\/types\/product"}],"wp:featuredmedia":[{"embeddable":true,"href":"https:\/\/aegean.al\/index.php\/wp-json\/wp\/v2\/media\/877"}],"wp:attachment":[{"href":"https:\/\/aegean.al\/index.php\/wp-json\/wp\/v2\/media?parent=875"}],"wp:term":[{"taxonomy":"product_brand","embeddable":true,"href":"https:\/\/aegean.al\/index.php\/wp-json\/wp\/v2\/product_brand?post=875"},{"taxonomy":"product_cat","embeddable":true,"href":"https:\/\/aegean.al\/index.php\/wp-json\/wp\/v2\/product_cat?post=875"},{"taxonomy":"product_tag","embeddable":true,"href":"https:\/\/aegean.al\/index.php\/wp-json\/wp\/v2\/product_tag?post=875"}],"curies":[{"name":"wp","href":"https:\/\/api.w.org\/{rel}","templated":true}]}}